ainder when 262 is divided by s?
42
Suppose -32*y - w - 355 = -34*y, 6*y - 1066 = 4*w. Calculate the remainder when 1768 is divided by y.
175
Suppose 0 = 3*z + 5*h - 100, -121*h + 120*h = -z + 44. Calculate the remainder when 1754 is divided by z.
34
Suppose 2*l + 7*l = 3087. Suppose 0 = 11*g - 108 - l. What is the remainder when g is divided by 9?
5
Let a = -16 + 37. Let n(s) = -4*s + 38. Let t be n(9). Suppose -f - t*f + a = 0. What is the remainder when f is divided by 6?
1
Suppose -2*z - 10 = 0, z + 86 - 51 = 3*q. What is the remainder when 67 is divided by q?
7
Let a = 70 - 59. Let j(h) = 2*h**3 - 3*h**2 + h - 2. Let c be j(2). Let n(t) = 2*t**2 + t + 3. What is the remainder when n(c) is divided by a?
6
Suppose -t + 5 = -5*u, -4*t = -3*u - 7 + 21. What is the remainder when 265 is divided by u/(-4)*(19 - 25) - -73?
55
Suppose 64 + 79 = -k. What is the remainder when 3/(-6)*(k - -21) is divided by 9?
7
Calculate the remainder when 145 is divided by (8/12)/((-2)/3) - -58.
31
Let c(w) be the second derivative of w**3/3 + 311*w**2/2 - 129*w. Calculate the remainder when c(-17) is divided by 35.
32
Let o = -10464 - -10813. What is the remainder when o is divided by 25?
24
Suppose -4*z - 2936 = -4*k + 30912, -4*k + 33864 = -2*z. Calculate the remainder when k is divided by 24.
22
Let z(o) = 26*o - 92. Let h be z(4). Suppose -3*f = -u - 11, 0*f + 2*f + 4*u = h. Calculate the remainder when 13 is divided by f.
1
Suppose 2 = 2*m + 4*r - 8, 4*r = -4*m + 28. Let c = -119 - -104. Calculate the remainder when 1*4/30 + (-328)/c is divided by m.
4
Let z = -3 + 5. Suppose m - z*m + 118 = 2*d, 4*d + m = 238. Let v(h) = h**3 + 6*h**2 + 5*h + 9. Calculate the remainder when d is divided by v(-4).
18
Suppose 17*h + 84 = 21*h + 4*u, -6*h + 3*u = -117. Calculate the remainder when 58 is divided by h.
18
Suppose -a = -4*a + 615. Suppose a = 3*f + 2*f. Let j = -186 - -197. Calculate the remainder when f is divided by j.
8
Let g = 59 + 1. What is the remainder when 149 is divided by (-12)/g - (-258)/15?
13
Suppose 40 = -5*c + 15*c. Suppose -c = -g - k + 2*k, 4*g + 2*k = 16. Suppose -13*v + g = -22. What is the remainder when 2 is divided by v?
0
Let v(g) = 6*g**2 + g + 34. Let b be v(-6). Let a = b + -220. Calculate the remainder when 354 is divided by a.
18
Let d(o) = -o**2 - 13*o - 19. Let i be d(-11). Let r(l) = -l**3 + 5*l**2 - 9*l + 20. Calculate the remainder when 52 is divided by r(i).
8
Let c = -408 - -414. Calculate the remainder when 192 is divided by ((-177)/(-3))/(c/6).
15
Suppose q + 5*s - 90 = 0, 128 = -3*q + 5*s + 498. What is the remainder when 466 is divided by q?
6
Let w = 278 + 165. What is the remainder when w is divided by 90?
83
Let u = 131 - 81. Suppose u = 7*j - 34. What is the remainder when 12 + 1 - (-14)/7 is divided by j?
3
What is the remainder when -4 + 220/56 + (-420442)/(-308) is divided by 78?
39
Suppose -4*h - 2*i + 488 = 2*i, -493 = -4*h - 5*i. Suppose 0 = 5*b - 5*n - 0*n - 115, 5*n = 2*b - 43. Calculate the remainder when h is divided by b.
21
Let c(q) = -q**3 - 20*q**2 - 18*q + 25. Let w be c(-19). Suppose -w*g + 33*g = 1188. Suppose -2 = k - 10. What is the remainder when g is divided by k?
4
Let k(a) be the first derivative of -5*a**3/3 + 25*a**2/2 + 5*a + 85. Calculate the remainder when 28 is divided by k(5).
3
Suppose 2*b = -b + 291. Let p be (-5125)/(-55) + (-26)/22 + 1. Suppose -2*h + 0*h - 4 = 0, 3*h = -3*x + p. What is the remainder when b is divided by x?
31
Let b = -35465 - -35670. Calculate the remainder when 1825 is divided by b.
185
Suppose 356 = 5*d + 346. Calculate the remainder when 501 is divided by 4/(-8) + d - (-1320)/16.
81
Let h be 3*(-20)/(-12) - (0 + 4). Calculate the remainder when ((-6)/(-12))/(h/98) is divided by 27.
22
Suppose 6*h = 4*h + 3*g + 286, -5*h - 5*g = -665. Let y = h - 121. What is the remainder when 172 is divided by y?
12
Suppose -5*s = -6*k + 7*k - 76, s = 5*k - 302. Suppose a - 132 = 109. Calculate the remainder when a is divided by k.
58
Let r(x) = x**3 - 24*x**2 - 76*x - 87. Let t(j) = j**2 + j + 3. Calculate the remainder when r(27) is divided by t(2).
3
Let o(z) = z**2 + 2*z - 6. Let f be o(-5). Suppose -254 + 728 = 6*j. What is the remainder when j is divided by (f + -3)*3 - 2?
15
Let l(m) = 92*m + 4640. Suppose -u + 5*x + 282 = x, -4*u = -2*x - 1114. Calculate the remainder when u is divided by l(-50).
38
Suppose 6*j - 4*j = l + 133, j = l + 67. Calculate the remainder when 733 is divided by j.
7
Suppose 54 = l + 5*w, -2*l - 3*w - 2*w = -83. Suppose -2*q + 13 = l. Let k = q - -15. Calculate the remainder when 38 is divided by k.
3
Suppose 0 = -10*g + 38 - 8. Suppose 6 + g = 3*c + 3*n, 4*n = -16. Suppose -26 = -q + 5*f, c*f - 4*f - 58 = -4*q. What is the remainder when q is divided by 5?
1
Let i = -302 + 735. Let d = -356 + i. What is the remainder when d is divided by 60?
17
Suppose -32 + 158 = -6*m. Let z = -19 - m. Suppose n - y = 20, -5*n = -2*n - z*y - 55. Calculate the remainder when n is divided by 11.
4
Let z = -17685 - -17718. Let h(f) = f + 7. Let m be h(0). Suppose 803 = 4*k - 3*u, -m*k + 2*k - 4*u = -965. Calculate the remainder when k is divided by z.
32
Suppose 1318 + 42347 = 71*y. Calculate the remainder when y is divided by 206.
203
Let i = 21683 + -4136. Calculate the remainder when i is divided by 27.
24
Suppose 0 = -5*b - 3*p + 276, -3*b + 3*p = -32 - 148. Let l = -819 - -1387. What is the remainder when l is divided by b?
55
Suppose 6 = 2*w - z - 0, 4*z - 28 = -5*w. Let f = 32 + 26. Suppose -65 = -4*p - h, 19 - f = -3*p - 4*h. What is the remainder when p is divided by w?
1
Let i(k) = -3*k + 257. Let g be i(6). Let c = -162 + g. What is the remainder when 379 is divided by c?
71
Let p(x) = -15*x - 1. Suppose -4*r = -4 + 8. Suppose 0 = -3*u + 3*s + 24, 6*u = 3*u + 4*s + 28. What is the remainder when p(r) is divided by u?
2
Let w = 22100 + -21837. What is the remainder when w is divided by 10?
3
Let j(s) = 42*s + 2252. Calculate the remainder when 1285 is divided by j(-53).
11
Suppose -3*t + 5*c + 108 = 0, -4*t - c + 111 = -33. Let k = 46 + 25. What is the remainder when k is divided by 10/5 - (1 - t)?
34
Suppose -12*r - 108*r = -27120. Calculate the remainder when 900 is divided by r.
222
Suppose 5*l + 6 = 3*u, 0 = -2*l + 5*l. Suppose -81 = -u*f + 71. What is the remainder when f is divided by 39?
37
Suppose 496*m - 1102 + 435 = 473*m. Calculate the remainder when 555 is divided by m.
4
Let r = 2877 - 2818. Calculate the remainder when r is divided by 23.
13
Suppose 31*i + 958 = 2074. Calculate the remainder when 10834 is divided by i.
34
Suppose 40*d + 4515 - 4710 = 7485. Suppose -2*m - 23 = -o, 5*o - 2*m - 87 = m. What is the remainder when d is divided by o?
12
Let y = -21723 - -21888. What is the remainder when 1000 is divided by y?
10
Let s(f) = f**2 - 99*f + 740. Calculate the remainder when 249 is divided by s(8).
9
Let a(l) = -476*l + 7670. What is the remainder when 19274 is divided by a(16)?
50
Suppose -l - 5*f - 12 = -323, 4*l - 1175 = 3*f. What is the remainder when l is divided by 7?
2
Suppose 163 + 76 - 35 = 4*t. Calculate the remainder when 70 is divided by t.
19
Suppose y = v - 38 + 24, 3*v = 5*y + 48. Calculate the remainder when 193 is divided by v.
6
Suppose -17*x = -14*x - 15. Suppose -x*q - 5*t = -3 - 2, 3*q - 5*t - 43 = 0. What is the remainder when ((30 - 2)/(-2))/((-2)/q) is divided by 11?
9
Suppose 574 = -14*r + 1680. Suppose 6*l = -r - 65. Calculate the remainder when (l + 1)/(15/(-3) + 4) is divided by 6.
5
Let w = 110 + -73. Suppose g - 80 = -3*g. Calculate the remainder when w is divided by ((-2)/4)/((-5 + 0)/g).
1
Let n = 1984 + -1907. What is the remainder when 221 is divided by n?
67
Let k = 349 - 346. Suppose -4*j + 12 = 0, -k*j = 5*h - 947 - 1617. Calculate the remainder when h is divided by 64.
63
Let k = -40 - -46. Let q be (-2)/k + (-12)/(-9) - 1. Suppose q = -4*d - 3*g + 128, -3*d + 66 = 2*g - 30. Calculate the remainder when d is divided by 5.
2
Suppose 5*c + 5*d = 3450, -c + 38*d - 37*d = -694. Calculate the remainder when c is divided by 24.
20
Let t = 289 + -288. Suppose s = -w + 13, 7 = -2*w - t. What is the remainder when s is divided by 4?
1
Calculate the remainder when 10413/267 - (-1 - (-1 + -1)) is divided 